/2 - c + 32. Give v(2).
-3
Let y(g) = 3*g**3 - 12*g**2 - 12*g + 8. Let u(m) = -m**3 - m + 1. Let r(l) = -2*u(l) - y(l). Calculate r(13).
3
Suppose 19 + 4 = 4*o - k, 13 = 2*o - k. Let p(n) = -7 - 7 + 9 + n. What is p(o)?
0
Let t(a) = 4*a + 5. Let j be (-2 + 1 + -2)*(-48)/(-36). Give t(j).
-11
Let w = 3 + -2. Let m(s) = -2*s + s + s**2 - 2*s - w. Let d be (-3)/(-12) - (-66)/24. Give m(d).
-1
Let u(y) = -y - 13. Let r be u(5). Let g = r - -25. Let w(i) = -i**3 + 8*i**2 - 8*i + 1. What is w(g)?
-6
Let o(b) = 15*b**2 + 21*b - 15. Let t(s) = 7*s**2 + 10*s - 7. Let k(g) = -6*o(g) + 13*t(g). Determine k(-5).
4
Let w(d) = 5*d**3 - 4*d**2 + 3. Let u(t) = 9*t**3 - 7*t**2 + 5. Let k(q) = 4*u(q) - 7*w(q). Let j be k(-1). Let h(l) = l**3 + l**2 - 4*l - 3. Determine h(j).
1
Let x(p) be the first derivative of -p**2/2 + 6*p + 1. Suppose -9 - 12 = -5*y - 2*v, -4*y = -4*v - 28. Determine x(y).
1
Let j = -101 + 114. Let w(h) = h**2 - 13*h - 5. What is w(j)?
-5
Let a(v) = -v**2 - 6*v + 10. Let s = 3 + -10. Determine a(s).
3
Let k(x) = 2*x - 4. Suppose 5*f + 4*m = 3*m + 1, 2*f = -m - 2. Let i be 11 + (2 - f) + -1. Suppose 14 = 4*r + 2*y, -2 + i = -3*y. Calculate k(r).
6
Let l(y) = -y - 1. Let v be (0 - 0)*(5 - 4). Suppose p - 3*p + 4 = v. Suppose -4*t = -p + 14. What is l(t)?
2
Let t(o) = -o**3 - 5*o**2 - 3*o - 5. Let g be (3/2)/((-6)/(-8)). Suppose 13 = 3*w - g. Suppose -5 = 2*a + w. Determine t(a).
10
Let i = -18 + 28. Let t be ((-12)/i)/((-2)/5). Let z(l) = -4*l**2 - 7*l + 3. Let r(h) = -3*h**2 - 6*h + 3. Let b(v) = 5*r(v) - 4*z(v). Give b(t).
6
Let z(w) = 572 + w**2 - 576 - 4*w + w. Suppose u - 4 = 1. Give z(u).
6
Suppose -4*d - 20 = d. Let b(i) = -2*i + 10. Let t be b(5). Let m(x) = x - 3*x + t + 0*x - 2. Calculate m(d).
6
Suppose 6 - 22 = 5*j + 3*g, -9 = -3*g. Let f = j + 8. Let v(q) = 0 - 2 - 2*q - f - 2. Calculate v(-5).
3
Suppose -5*p + 26 = -0*u - 2*u, u = -2*p + 14. Suppose 5*v + p = -4. Let l(r) = -2*r - 1. Give l(v).
3
Let i be (-330)/(-77) + (-4)/14. Let o(y) = -y**3 + 5*y**2 - 3*y + 4. Calculate o(i).
8
Let o be ((-45)/27)/(10/(-36)). Suppose -3*d = -2*v - o, d + 2*d - 9 = v. Let n(c) = -4*c + 4. Calculate n(v).
-8
Suppose p + 6 = 7*p. Let x(q) = 9*q**3 + q. Determine x(p).
10
Let r be (48/4)/(-4) - -13. Let c(m) = -m**2 + 12*m - 14. Let t be c(r). Let o(x) = -x**3 + 5*x**2 + 5*x + 4. Calculate o(t).
-2
Let y(c) = 13*c. Suppose -3*o - n - 6 - 1 = 0, -17 = -3*o + 5*n. What is y(o)?
-13
Suppose 0 = -4*u - 4*k - 32, -4*k - 42 = 5*u - 4. Let t(i) = -i**2 - 6*i + 1. Calculate t(u).
1
Let u(z) = -8*z**3 - z**2 + z. Let r = 7 - 3. Suppose 1 = -3*d - r*v + 2*v, -4 = -2*d + v. Give u(d).
-8
Let s(a) be the second derivative of 3/2*a**2 + 2/3*a**3 - a + 0 + 1/12*a**4. Calculate s(-2).
-1
Suppose 3*u = 4*u + 2*h - 10, -3*u - h = -20. Let s(f) = 1 + u*f - 2*f - f. Calculate s(-2).
-5
Let g(s) = 7*s - 1. Let i be g(-1). Let j be 1*18*(-4)/i. Suppose -3*p = 2*z - 11, 2*p = -z + j - 2. Let h(x) = 3*x**2 - 2*x + 1. Give h(z).
2
Let n be 12/(0 + (5 - 3)). Let r(v) = -v**3 + 10*v**2 + 3*v - 2. Let q(p) = p**3 - 9*p**2 - 2*p + 1. Let l(t) = 4*q(t) + 3*r(t). Give l(n).
4
Let l(m) = -3*m - 1. Suppose -3 - 5 = -4*s. Suppose 3*h = -s*c + 8, 0*c + h + 2 = -3*c. Determine l(c).
5
Let o(w) = -4*w. Let c be -1 + (-4)/(-2) - -2. Give o(c).
-12
Let b(r) be the second derivative of -r**3/3 + 2*r**2 - 18*r. Let o be 1 + 0/(-1)*1. Let x = o - 4. Give b(x).
10
Let m = 5569/24 - 232. Let l(y) be the third derivative of 1/6*y**3 + 0*y - 2*y**2 + 0 - m*y**4. What is l(4)?
-3
Let i(k) = -5*k + 2*k + 3*k + 2*k - 3. Determine i(4).
5
Let q(w) = w**3 + 10*w**2 - w - 15. Let i be q(-10). Let l(r) = 3*r + 6. Determine l(i).
-9
Let m(r) = -1 + r**2 + 4 - 1 - 2*r - r**3. Let c(v) = 2*v - 8. Let o be c(5). What is m(o)?
-6
Let s(r) = -2*r**2 + 4*r - 4. Suppose x + 6 = 9. What is s(x)?
-10
Let t(a) be the first derivative of 0*a**2 - 2*a + 5/3*a**3 + 1 - 1/4*a**4. Give t(5).
-2
Let k = 18 - 15. Let n(o) = 4*o - 6*o - 1 + k*o**2 + 2. Let c be ((-2)/(-4))/((-2)/(-4)). Give n(c).
2
Let c(b) = b + 8. Suppose 134*q + 12 = 132*q. Give c(q).
2
Let a(i) = -3*i + 5 + 5*i - 2*i + i. Let r(d) = 5*d - 4 - d**2 - 4*d - 2*d. Let z be r(0). What is a(z)?
1
Let t(x) = x**3 - x**2 - x - 4. Let n be (-4)/(-8) - 1/2. What is t(n)?
-4
Let r(p) be the first derivative of 1/2*p**2 - 1/4*p**4 + 3*p - 4/3*p**3 - 8. Calculate r(-3).
-9
Let b(z) be the first derivative of 0*z**2 + z**2 - 4*z - 7 + z + 3. Calculate b(-3).
-9
Let a(n) be the second derivative of 2*n + 0 + 1/2*n**3 + n**2 - 1/6*n**4. What is a(3)?
-7
Suppose 4 = q - 4*w - 3, 0 = -2*q - 3*w + 3. Let s(l) = l - 1. Let u(o) = o - 3. Let h(n) = 2*s(n) - u(n). Give h(q).
4
Let k(t) = 7*t**3 - t**2 + 13*t + 4. Let j(x) = 20*x**3 - 2*x**2 + 38*x + 12. Let i(p) = -6*j(p) + 17*k(p). What is i(-4)?
8
Let a be (-6 - (2 - 5))*-1. Let w(i) = 3*i + i + a*i - 6 - 4*i. Suppose 2*g + 0*g - 8 = 0. Determine w(g).
6
Let s be (15/10)/(6/8). Suppose -6*u + s*u = -56. Let g(i) = 3 + i**2 - 3*i + u - 13. Give g(3).
4
Suppose 6 = -0*k - 2*k + 2*j, -3*j + 9 = 0. Let l(f) = -1 + k*f - 3*f + 2*f**2 + 2*f. Determine l(2).
5
Let x(k) be the third derivative of k**8/6720 - k**7/504 - k**5/60 + 3*k**4/8 + 3*k**2. Let s(j) be the second derivative of x(j). Give s(5).
-2
Let f = 11 + -14. Let a(i) = -8*i**3 - 4*i**2 - 2*i + 5. Let z = -10 - -16. Let x(k) = -7*k**3 - 4*k**2 - 2*k + 4. Let c(j) = z*a(j) - 7*x(j). Give c(f).
5
Let u(v) = v**2 + 11*v + 7. Let j be u(-10). Let g(t) be the third derivative of -t**4/12 + t**3/6 + t**2. Calculate g(j).
7
Let u = 125 + -129. Let x(f) = -2*f + 1. Give x(u).
9
Let y(x) = -2*x**2 + 19*x + 14. Let a(v) = v**2 - 10*v - 7. Let w(q) = 7*a(q) + 4*y(q). Let t(n) = n**2 - 4*n + 1. Let s be t(5). Determine w(s).
7
Let r(g) = g**2 - 2*g + 1. Let y be (5 + 1 - 2)/1. Suppose -y*n = -3*n - 28. Let o be (-2)/(-9) + n/36. What is r(o)?
0
Let w(b) = b - 5. Let n = -15 - -15. Calculate w(n).
-5
Suppose -2*o + 11 = 1. Suppose 0 = -2*a + v, -3*a + o*v - 2 - 12 = 0. Let h(w) = 2*w + 2 - a*w - 3*w. What is h(3)?
-7
Let r = -10 - -16. Let x(t) = t**3 - 6*t**2 + t - 1. Calculate x(r).
5
Let d(j) = 134*j + 5 + 0 - 137*j. Suppose -5*o + 22 - 2 = 0. Determine d(o).
-7
Let j(v) = -v**3 + 3*v**2 + 3*v - 3. Suppose -c = 4*d + 8, -d - d = -c + 10. What is j(c)?
-7
Let j(l) = 2*l**2 - l - l**2 + 7*l. Let h(k) = -k**3 + 5*k**2 + 12*k + 7. Let x be h(7). Determine j(x).
7
Let f(h) be the third derivative of -h**5/60 - h**4/8 + h**3/3 + 11*h**2. Calculate f(-2).
4
Let w(i) be the first derivative of 5/2*i**2 + 3 - 2*i**3 + 1/4*i**4 - 7*i. Suppose 20 + 0 = 4*r. Determine w(r).
-7
Let r(q) = 2*q**3 - q**2 + 11*q + 6. Let d(h) = -h**3 - 5*h - 3. Let k(s) = -7*d(s) - 3*r(s). Determine k(-2).
3
Let s(i) = 4*i - 8. Let x(p) = -2. Let a(f) = 3*s(f) - 12*x(f). What is a(-1)?
-12
Suppose 4*r = -0*r + 20. Let o(n) = 0*n - 10*n**3 + 8*n**3 + 5*n - 4*n**2. Let q(j) = -3*j**3 - 8*j**2 + 9*j. Let f(a) = r*o(a) - 3*q(a). Calculate f(2).
4
Let r(u) be the third derivative of -5/6*u**3 - 4*u**2 - 1/4*u**4 + 0*u + 0 + 1/60*u**5. What is r(6)?
-5
Let m(i) = i**2 - 5*i - 7. Let n = 26 - 22. Suppose -20 = -n*h - 0*v + 2*v, -22 = -3*h - 2*v. Give m(h).
-1
Let i(z) = z**2 - 1. Let d(g) = 4*g - 2. Let m(n) = -d(n) + i(n). What is m(5)?
6
Let x(j) be the first derivative of -j**2/2 + 5*j + 24. Give x(6).
-1
Suppose 4*f + 17 = 65. Let d be (f/10)/((-10)/(-25)). Let s(k) = -k + 0*k**d - 5*k**2 + 0*k**2 - 6 - k**3. What is s(-5)?
-1
Let i(x) be the second derivative of -x**5/20 - x**4/12 + x**3/6 - x**2/2 + 7*x. Determine i(0).
-1
Let g(j) = j. Let o(s) = s + 3. Let t(z) = 2*g(z) - o(z). Calculate t(-5).
-8
Let p(i) = -i**3 + 7*i**2 - 5*i - 6. Let d be p(6). Let h(w) be the third derivative of -w**6/120 + 9*w**2. What is h(d)?
0
Let d(m) be the first derivative of m**3/3 + m**2/2 + 2*m + 1. Suppose 0 = 2*c - 4*c. What is d(c)?
2
Suppose -5*g = -4*g - 7. Suppose -g*c + 4*c + 9 = 0. Let l(p) = -2*p + 4. What is l(c)?
-2
Let t(j) = -11*j**2 - 2*j - 9. Let g(s) = -5*s**2 - s - 4. Let p(c) = -13*g(c) + 6*t(c). Suppose 21 = 3*x + 4*u - 0, -4*x + 4*u = 0. Determine p(x).
-8
Let d be (3 - 4)*(-3)/3. Suppose 4*v - 6 - 2 = 0. Let f(g) = -5 + 8*g**v - 7*g**2 + 2*g + d. Determine f(-3).
-1
Let u(y) = -y**3 + 2*y**2 -